{"id":576,"date":"2017-08-02T10:06:33","date_gmt":"2017-08-02T10:06:33","guid":{"rendered":"http:\/\/pikesite.de\/?page_id=576"},"modified":"2018-07-05T09:40:49","modified_gmt":"2018-07-05T09:40:49","slug":"guiding","status":"publish","type":"page","link":"https:\/\/pikesite.de\/?page_id=576","title":{"rendered":"Guiding"},"content":{"rendered":"<h4 style=\"text-align: center;\"><strong>Pikesite Guiding Tours<\/strong><\/h4>\n<h4 style=\"text-align: center;\">Professionell gef\u00fchrte Angeltouren an der Elbe<\/h4>\n<h4 style=\"text-align: center;\">Erleben Sie die einzigartige Natur der Elbauen und erlernen in k\u00fcrzester Zeit die Grundlagen aus jahrelanger Angelerfahrung zum erfolgreichen Fang des Zielfisches.<\/h4>\n<h4 style=\"text-align: center;\">Warum in die Ferne schweifen, wenn der Gro\u00dffisch liegt so nah! Nicht nur ausl\u00e4ndische Gew\u00e4sser beherbergen einen guten Fischbestand, sondern auch die heimischen Gew\u00e4sser beinhalten ungehante Giganten und eine Fischerei in atemberaubender Kulisse.<\/h4>\n<h4 style=\"text-align: center;\">Nehmen Sie Teil an gef\u00fchrten Angeltouren an einem der geh\u00fctesten und unbekanntesten Topreviere Deutschlands.<\/h4>\n<p>&nbsp;<\/p>\n<h4><\/h4>\n<h4><strong>Revier\u00a0\u00a0\u00a0\u00a0\u00a0\u00a0\u00a0\u00a0\u00a0\u00a0\u00a0\u00a0\u00a0\u00a0\u00a0\u00a0\u00a0\u00a0\u00a0\u00a0\u00a0\u00a0\u00a0\u00a0\u00a0\u00a0\u00a0\u00a0\u00a0\u00a0\u00a0\u00a0\u00a0\u00a0\u00a0\u00a0\u00a0\u00a0\u00a0\u00a0\u00a0\u00a0\u00a0\u00a0\u00a0\u00a0\u00a0\u00a0\u00a0\u00a0\u00a0\u00a0\u00a0\u00a0\u00a0\u00a0\u00a0\u00a0\u00a0\u00a0\u00a0\u00a0\u00a0\u00a0\u00a0\u00a0\u00a0\u00a0\u00a0\u00a0\u00a0\u00a0\u00a0\u00a0\u00a0\u00a0\u00a0\u00a0\u00a0\u00a0\u00a0\u00a0\u00a0\u00a0\u00a0\u00a0\u00a0\u00a0\u00a0\u00a0\u00a0\u00a0\u00a0\u00a0\u00a0\u00a0\u00a0\u00a0\u00a0\u00a0\u00a0\u00a0\u00a0\u00a0\u00a0\u00a0\u00a0\u00a0\u00a0\u00a0\u00a0\u00a0\u00a0\u00a0\u00a0\u00a0\u00a0\u00a0\u00a0\u00a0\u00a0\u00a0\u00a0\u00a0\u00a0\u00a0\u00a0\u00a0\u00a0\u00a0\u00a0\u00a0\u00a0\u00a0\u00a0\u00a0\u00a0\u00a0\u00a0\u00a0\u00a0 Zielfische<\/strong><\/h4>\n<h4>Elbe in der n\u00e4heren Umgebung von Magdeburg.<\/h4>\n<h4>(Elb-km 285-305)<br \/>\nTreffpunkt findet nach Vereinbarung statt.\u00a0\u00a0\u00a0\u00a0\u00a0\u00a0\u00a0\u00a0\u00a0\u00a0\u00a0\u00a0\u00a0\u00a0\u00a0\u00a0\u00a0\u00a0\u00a0\u00a0\u00a0\u00a0\u00a0\u00a0\u00a0\u00a0\u00a0\u00a0\u00a0\u00a0\u00a0\u00a0\u00a0\u00a0\u00a0\u00a0\u00a0\u00a0\u00a0\u00a0\u00a0\u00a0\u00a0\u00a0\u00a0\u00a0\u00a0\u00a0\u00a0\u00a0\u00a0\u00a0\u00a0\u00a0\u00a0 Zander, Wels, Hecht, Rapfen<\/h4>\n<h4>Das Revier beherbergt einen hervorragenden Bestand an gro\u00dfen Zandern. Mit Fischen \u00fcber 90cm kann jederzeit gerechnet werden. Auch der Wallerbestand hat sich sehr gut entwickelt. Fische \u00fcber der 2m Marke sind regelm\u00e4\u00dfig dabei und auch mit Ausnahmefischen \u00fcber der 80kg Marke kann mit etwas Gl\u00fcck gerechnet werden.<\/h4>\n<h4><\/h4>\n<h4><\/h4>\n<h4><\/h4>\n<h4><strong>Touren\u00a0\u00a0\u00a0\u00a0\u00a0\u00a0\u00a0\u00a0\u00a0\u00a0\u00a0\u00a0\u00a0\u00a0\u00a0\u00a0\u00a0\u00a0\u00a0\u00a0\u00a0\u00a0\u00a0\u00a0\u00a0\u00a0\u00a0\u00a0\u00a0\u00a0\u00a0\u00a0\u00a0\u00a0\u00a0\u00a0\u00a0\u00a0\u00a0\u00a0\u00a0\u00a0\u00a0\u00a0\u00a0\u00a0\u00a0\u00a0\u00a0\u00a0\u00a0\u00a0\u00a0\u00a0\u00a0\u00a0\u00a0\u00a0\u00a0\u00a0\u00a0\u00a0\u00a0\u00a0\u00a0\u00a0\u00a0\u00a0\u00a0\u00a0\u00a0\u00a0\u00a0\u00a0\u00a0\u00a0\u00a0\u00a0\u00a0\u00a0\u00a0\u00a0\u00a0\u00a0\u00a0\u00a0\u00a0\u00a0\u00a0\u00a0\u00a0\u00a0\u00a0\u00a0\u00a0\u00a0\u00a0\u00a0\u00a0\u00a0\u00a0\u00a0\u00a0\u00a0\u00a0\u00a0\u00a0\u00a0\u00a0\u00a0\u00a0\u00a0\u00a0\u00a0\u00a0\u00a0\u00a0\u00a0\u00a0\u00a0\u00a0\u00a0\u00a0\u00a0\u00a0\u00a0\u00a0\u00a0\u00a0\u00a0\u00a0\u00a0\u00a0\u00a0\u00a0\u00a0\u00a0\u00a0\u00a0\u00a0\u00a0\u00a0 Preise<br \/>\n<\/strong><\/h4>\n<h4>Alle Touren finden mit einem gro\u00dfen 6,10m langen Aluminiumboot statt, mit ausreichend Platz<br \/>\nf\u00fcr alle G\u00e4ste. Zum Ansitzfischen wid zus\u00e4tzlich ein 2,70m Beiboot mit Au\u00dfenborder mitgef\u00fchrt.<br \/>\nHochwertiges Leihger\u00e4t ist f\u00fcr alle Touren bereits im Preis enthalten. Gern k\u00f6nnen Sie nat\u00fcrlich auch mit eigenem Ger\u00e4t fischen.<br \/>\nK\u00f6der sind f\u00fcr alle Touren vorhanden. Preise verstehen sich excl. K\u00f6der-Verbrauch\/-Verlust<\/h4>\n<h4><\/h4>\n<h4><\/h4>\n<h4>Spinnfischen auf Zander, Wels, Hecht , Rapfen\u00a0\u00a0\u00a0\u00a0\u00a0\u00a0\u00a0\u00a0\u00a0\u00a0\u00a0\u00a0\u00a0\u00a0\u00a0\u00a0\u00a0\u00a0\u00a0\u00a0\u00a0\u00a0\u00a0\u00a0\u00a0\u00a0\u00a0\u00a0\u00a0\u00a0\u00a0\u00a0\u00a0\u00a0\u00a0\u00a0\u00a0\u00a0\u00a0\u00a0\u00a0\u00a0\u00a0\u00a0\u00a0 1 Teilnehmer\u00a0 270\u20ac\u00a0\u00a0 Exklusivguiding<br \/>\nDauer ca.8h\u00a0\u00a0\u00a0\u00a0\u00a0 \u00a0 \u00a0 \u00a0 \u00a0 \u00a0 \u00a0 \u00a0 \u00a0 \u00a0 \u00a0 \u00a0 \u00a0 \u00a0 \u00a0 \u00a0 \u00a0 \u00a0 \u00a0 \u00a0 \u00a0 \u00a0 \u00a0 \u00a0 \u00a0 \u00a0 \u00a0 \u00a0 \u00a0 \u00a0 \u00a0 \u00a0 \u00a0 \u00a0 \u00a0 \u00a0 \u00a0 \u00a0 \u00a0 \u00a0 \u00a0 \u00a0 \u00a0 \u00a0 \u00a0 \u00a0 \u00a0 \u00a0 \u00a0 \u00a0 \u00a0 \u00a0 2 Teilnehmer\u00a0 135\u20ac pro Person<br \/>\n.\u00a0\u00a0\u00a0\u00a0\u00a0\u00a0\u00a0\u00a0\u00a0\u00a0\u00a0\u00a0\u00a0\u00a0\u00a0\u00a0\u00a0\u00a0\u00a0\u00a0\u00a0\u00a0\u00a0\u00a0\u00a0\u00a0\u00a0\u00a0\u00a0\u00a0\u00a0\u00a0\u00a0\u00a0\u00a0\u00a0\u00a0\u00a0\u00a0\u00a0\u00a0\u00a0\u00a0\u00a0\u00a0\u00a0\u00a0\u00a0\u00a0\u00a0\u00a0\u00a0\u00a0\u00a0\u00a0\u00a0\u00a0\u00a0\u00a0\u00a0\u00a0\u00a0\u00a0\u00a0\u00a0\u00a0\u00a0\u00a0\u00a0\u00a0\u00a0\u00a0\u00a0\u00a0\u00a0\u00a0\u00a0\u00a0\u00a0\u00a0\u00a0\u00a0\u00a0\u00a0\u00a0\u00a0\u00a0\u00a0\u00a0\u00a0\u00a0\u00a0\u00a0\u00a0\u00a0\u00a0\u00a0\u00a0\u00a0\u00a0\u00a0\u00a0\u00a0\u00a0\u00a0\u00a0\u00a0\u00a0\u00a0\u00a0\u00a0\u00a0\u00a0\u00a0\u00a0\u00a0\u00a0\u00a0\u00a0\u00a0\u00a0\u00a0\u00a0\u00a0\u00a0\u00a0\u00a0\u00a0 3 Teilnehmer \u00a0\u00a0 90\u20ac pro Person<\/h4>\n<h4><\/h4>\n<h4><\/h4>\n<h4>Ansitzfischen auf Wels\u00a0\u00a0\u00a0\u00a0\u00a0\u00a0\u00a0\u00a0\u00a0\u00a0\u00a0\u00a0\u00a0\u00a0\u00a0\u00a0\u00a0\u00a0\u00a0\u00a0\u00a0\u00a0\u00a0\u00a0\u00a0\u00a0\u00a0\u00a0\u00a0\u00a0\u00a0\u00a0\u00a0\u00a0\u00a0\u00a0\u00a0\u00a0\u00a0\u00a0\u00a0\u00a0\u00a0\u00a0\u00a0\u00a0\u00a0\u00a0\u00a0\u00a0\u00a0\u00a0\u00a0\u00a0\u00a0\u00a0\u00a0\u00a0\u00a0\u00a0\u00a0\u00a0\u00a0\u00a0\u00a0\u00a0\u00a0\u00a0\u00a0\u00a0\u00a0\u00a0\u00a0\u00a0\u00a0\u00a0\u00a0\u00a0\u00a0\u00a0\u00a0\u00a0\u00a0\u00a0\u00a0\u00a0 \u00a0 1 Teilnehmer\u00a0 280\u20ac\u00a0\u00a0 pro Nacht<br \/>\nDauer nach Vereinbarung\u00a0\u00a0\u00a0\u00a0\u00a0\u00a0\u00a0\u00a0\u00a0\u00a0\u00a0\u00a0\u00a0\u00a0\u00a0\u00a0\u00a0\u00a0\u00a0\u00a0\u00a0\u00a0\u00a0\u00a0\u00a0\u00a0\u00a0\u00a0\u00a0\u00a0\u00a0\u00a0\u00a0\u00a0\u00a0\u00a0\u00a0\u00a0\u00a0\u00a0\u00a0\u00a0\u00a0\u00a0\u00a0\u00a0\u00a0\u00a0\u00a0\u00a0\u00a0\u00a0\u00a0\u00a0\u00a0\u00a0\u00a0\u00a0\u00a0\u00a0\u00a0\u00a0\u00a0\u00a0\u00a0\u00a0\u00a0\u00a0\u00a0\u00a0\u00a0\u00a0\u00a0\u00a0\u00a0\u00a0\u00a0\u00a0\u00a0 \u00a0\u00a0\u00a0 2 Teilnehmer\u00a0 140\u20ac pro Person, pro Nacht<br \/>\n.\u00a0\u00a0\u00a0\u00a0\u00a0\u00a0\u00a0\u00a0\u00a0\u00a0\u00a0\u00a0\u00a0\u00a0\u00a0\u00a0\u00a0\u00a0\u00a0\u00a0\u00a0\u00a0\u00a0\u00a0\u00a0\u00a0\u00a0\u00a0\u00a0\u00a0\u00a0\u00a0\u00a0\u00a0\u00a0\u00a0\u00a0\u00a0\u00a0\u00a0\u00a0\u00a0\u00a0\u00a0\u00a0\u00a0\u00a0\u00a0\u00a0\u00a0\u00a0\u00a0\u00a0\u00a0\u00a0\u00a0\u00a0\u00a0\u00a0\u00a0\u00a0\u00a0\u00a0\u00a0\u00a0\u00a0\u00a0\u00a0\u00a0\u00a0\u00a0\u00a0\u00a0\u00a0\u00a0\u00a0\u00a0\u00a0\u00a0\u00a0\u00a0\u00a0\u00a0\u00a0\u00a0\u00a0\u00a0\u00a0\u00a0\u00a0\u00a0\u00a0\u00a0\u00a0\u00a0\u00a0\u00a0\u00a0\u00a0\u00a0\u00a0\u00a0\u00a0\u00a0\u00a0\u00a0\u00a0\u00a0\u00a0\u00a0\u00a0\u00a0\u00a0\u00a0\u00a0\u00a0\u00a0\u00a0\u00a0\u00a0\u00a0\u00a0\u00a0\u00a0 \u00a0\u00a0\u00a0 3 Teilnehmer \u00a0\u00a0 95\u20ac pro Person, pro Nacht<\/h4>\n<h4>(Preise ab 2 N\u00e4chte auf Anfrage)<\/h4>\n<h4><\/h4>\n<p>&nbsp;<\/p>\n<h4>Fishing Guide: Martin Fritsch<\/h4>\n<h4><\/h4>\n<p>&nbsp;<\/p>\n<h4><\/h4>\n<h3><strong>Serviceleistungen\u00a0\u00a0\u00a0\u00a0\u00a0\u00a0\u00a0\u00a0\u00a0\u00a0\u00a0\u00a0\u00a0\u00a0\u00a0\u00a0\u00a0\u00a0\u00a0\u00a0\u00a0\u00a0\u00a0\u00a0\u00a0\u00a0\u00a0\u00a0\u00a0\u00a0\u00a0\u00a0\u00a0\u00a0\u00a0\u00a0\u00a0\u00a0\u00a0\u00a0\u00a0\u00a0\u00a0\u00a0\u00a0\u00a0\u00a0\u00a0\u00a0\u00a0\u00a0\u00a0\u00a0\u00a0\u00a0\u00a0\u00a0\u00a0\u00a0\u00a0\u00a0\u00a0\u00a0\u00a0\u00a0\u00a0\u00a0\u00a0\u00a0\u00a0\u00a0\u00a0\u00a0\u00a0\u00a0\u00a0\u00a0\u00a0\u00a0\u00a0\u00a0\u00a0\u00a0\u00a0\u00a0\u00a0\u00a0\u00a0\u00a0\u00a0\u00a0\u00a0\u00a0\u00a0\u00a0\u00a0\u00a0\u00a0\u00a0\u00a0\u00a0\u00a0\u00a0\u00a0\u00a0\u00a0\u00a0\u00a0\u00a0\u00a0\u00a0\u00a0\u00a0\u00a0\u00a0\u00a0\u00a0\u00a0\u00a0\u00a0\u00a0\u00a0\u00a0\u00a0\u00a0\u00a0\u00a0\u00a0\u00a0\u00a0\u00a0\u00a0\u00a0 Buchung \/ Anfrage<br \/>\n<\/strong><\/h3>\n<h4>Individuelle Tour angepasst auf Ihre W\u00fcnsche und Vorstellungen.\u00a0\u00a0\u00a0\u00a0\u00a0\u00a0\u00a0\u00a0\u00a0\u00a0\u00a0\u00a0\u00a0\u00a0\u00a0\u00a0\u00a0\u00a0\u00a0\u00a0\u00a0\u00a0\u00a0\u00a0\u00a0\u00a0\u00a0\u00a0\u00a0\u00a0\u00a0\u00a0\u00a0\u00a0\u00a0\u00a0\u00a0\u00a0\u00a0\u00a0\u00a0 <strong>Tel. 0176-44593243\u00a0 oder per Mail<\/strong><\/h4>\n<h4>Betreuung durch professionellen Top Guide\u00a0\u00a0\u00a0\u00a0\u00a0\u00a0\u00a0\u00a0\u00a0\u00a0\u00a0\u00a0\u00a0\u00a0\u00a0\u00a0\u00a0\u00a0\u00a0\u00a0\u00a0\u00a0\u00a0\u00a0\u00a0\u00a0\u00a0\u00a0\u00a0\u00a0\u00a0\u00a0\u00a0\u00a0\u00a0\u00a0\u00a0\u00a0\u00a0\u00a0\u00a0\u00a0\u00a0\u00a0\u00a0\u00a0\u00a0\u00a0\u00a0\u00a0\u00a0\u00a0\u00a0\u00a0\u00a0\u00a0\u00a0\u00a0\u00a0\u00a0\u00a0\u00a0\u00a0\u00a0\u00a0\u00a0\u00a0\u00a0\u00a0\u00a0\u00a0\u00a0\u00a0\u00a0\u00a0\u00a0\u00a0\u00a0\u00a0\u00a0 \u00a0 \u00a0 \u00a0 \u00a0 \u00a0 \u00a0 \u00a0 \u00a0 <strong>info@pikesite.de<\/strong><\/h4>\n<h4>Leihger\u00e4t f\u00fcr alle Touren bereits im Preis inklusive<\/h4>\n<h4>Angelkarten sind bei uns erh\u00e4ltlich. G\u00fcltiger Fischereischein ist Pflicht!<\/h4>\n<h4>F\u00fcr Aktivtouren k\u00f6nnen \u00dcbernachtungsm\u00f6glichkeiten organisiert werden.<\/h4>\n<h4><\/h4>\n<div id='gallery-1' class='gallery galleryid-576 gallery-columns-3 gallery-size-full'><figure class='gallery-item'>\n\t\t\t<div class='gallery-icon landscape'>\n\t\t\t\t<a href='https:\/\/pikesite.de\/wp-content\/uploads\/2017\/08\/IMG_4022.jpg'><img loading=\"lazy\" decoding=\"async\" width=\"640\" height=\"480\" src=\"https:\/\/pikesite.de\/wp-content\/uploads\/2017\/08\/IMG_4022.jpg\" class=\"attachment-full size-full\" alt=\"\" srcset=\"https:\/\/pikesite.de\/wp-content\/uploads\/2017\/08\/IMG_4022.jpg 640w, https:\/\/pikesite.de\/wp-content\/uploads\/2017\/08\/IMG_4022-150x113.jpg 150w, https:\/\/pikesite.de\/wp-content\/uploads\/2017\/08\/IMG_4022-300x225.jpg 300w\" sizes=\"auto, (max-width: 640px) 100vw, 640px\" \/><\/a>\n\t\t\t<\/div><\/figure><figure class='gallery-item'>\n\t\t\t<div class='gallery-icon landscape'>\n\t\t\t\t<a href='https:\/\/pikesite.de\/wp-content\/uploads\/2017\/08\/DSC_4867-1.jpg'><img loading=\"lazy\" decoding=\"async\" width=\"3040\" height=\"1872\" src=\"https:\/\/pikesite.de\/wp-content\/uploads\/2017\/08\/DSC_4867-1.jpg\" class=\"attachment-full size-full\" alt=\"\" srcset=\"https:\/\/pikesite.de\/wp-content\/uploads\/2017\/08\/DSC_4867-1.jpg 3040w, https:\/\/pikesite.de\/wp-content\/uploads\/2017\/08\/DSC_4867-1-1000x616.jpg 1000w, https:\/\/pikesite.de\/wp-content\/uploads\/2017\/08\/DSC_4867-1-150x92.jpg 150w, https:\/\/pikesite.de\/wp-content\/uploads\/2017\/08\/DSC_4867-1-300x185.jpg 300w, https:\/\/pikesite.de\/wp-content\/uploads\/2017\/08\/DSC_4867-1-768x473.jpg 768w, https:\/\/pikesite.de\/wp-content\/uploads\/2017\/08\/DSC_4867-1-1024x631.jpg 1024w\" sizes=\"auto, (max-width: 3040px) 100vw, 3040px\" \/><\/a>\n\t\t\t<\/div><\/figure><figure class='gallery-item'>\n\t\t\t<div class='gallery-icon landscape'>\n\t\t\t\t<a href='https:\/\/pikesite.de\/wp-content\/uploads\/2017\/08\/IMG_4265-2.jpg'><img loading=\"lazy\" decoding=\"async\" width=\"464\" height=\"435\" src=\"https:\/\/pikesite.de\/wp-content\/uploads\/2017\/08\/IMG_4265-2.jpg\" class=\"attachment-full size-full\" alt=\"\" srcset=\"https:\/\/pikesite.de\/wp-content\/uploads\/2017\/08\/IMG_4265-2.jpg 464w, https:\/\/pikesite.de\/wp-content\/uploads\/2017\/08\/IMG_4265-2-150x141.jpg 150w, https:\/\/pikesite.de\/wp-content\/uploads\/2017\/08\/IMG_4265-2-300x281.jpg 300w\" sizes=\"auto, (max-width: 464px) 100vw, 464px\" \/><\/a>\n\t\t\t<\/div><\/figure><figure class='gallery-item'>\n\t\t\t<div class='gallery-icon landscape'>\n\t\t\t\t<a href='https:\/\/pikesite.de\/wp-content\/uploads\/2017\/08\/IMG_0780.jpg'><img loading=\"lazy\" decoding=\"async\" width=\"3264\" height=\"2448\" src=\"https:\/\/pikesite.de\/wp-content\/uploads\/2017\/08\/IMG_0780.jpg\" class=\"attachment-full size-full\" alt=\"\" srcset=\"https:\/\/pikesite.de\/wp-content\/uploads\/2017\/08\/IMG_0780.jpg 3264w, https:\/\/pikesite.de\/wp-content\/uploads\/2017\/08\/IMG_0780-1000x750.jpg 1000w, https:\/\/pikesite.de\/wp-content\/uploads\/2017\/08\/IMG_0780-150x113.jpg 150w, https:\/\/pikesite.de\/wp-content\/uploads\/2017\/08\/IMG_0780-300x225.jpg 300w, https:\/\/pikesite.de\/wp-content\/uploads\/2017\/08\/IMG_0780-768x576.jpg 768w, https:\/\/pikesite.de\/wp-content\/uploads\/2017\/08\/IMG_0780-1024x768.jpg 1024w\" sizes=\"auto, (max-width: 3264px) 100vw, 3264px\" \/><\/a>\n\t\t\t<\/div><\/figure><figure class='gallery-item'>\n\t\t\t<div class='gallery-icon landscape'>\n\t\t\t\t<a href='https:\/\/pikesite.de\/wp-content\/uploads\/2017\/08\/IMG_5270-4Facebook.jpg'><img loading=\"lazy\" decoding=\"async\" width=\"594\" height=\"418\" src=\"https:\/\/pikesite.de\/wp-content\/uploads\/2017\/08\/IMG_5270-4Facebook.jpg\" class=\"attachment-full size-full\" alt=\"\" srcset=\"https:\/\/pikesite.de\/wp-content\/uploads\/2017\/08\/IMG_5270-4Facebook.jpg 594w, https:\/\/pikesite.de\/wp-content\/uploads\/2017\/08\/IMG_5270-4Facebook-150x106.jpg 150w, https:\/\/pikesite.de\/wp-content\/uploads\/2017\/08\/IMG_5270-4Facebook-300x211.jpg 300w\" sizes=\"auto, (max-width: 594px) 100vw, 594px\" \/><\/a>\n\t\t\t<\/div><\/figure><figure class='gallery-item'>\n\t\t\t<div class='gallery-icon landscape'>\n\t\t\t\t<a href='https:\/\/pikesite.de\/wp-content\/uploads\/2017\/08\/IMG_4104.jpg'><img loading=\"lazy\" decoding=\"async\" width=\"640\" height=\"480\" src=\"https:\/\/pikesite.de\/wp-content\/uploads\/2017\/08\/IMG_4104.jpg\" class=\"attachment-full size-full\" alt=\"\" srcset=\"https:\/\/pikesite.de\/wp-content\/uploads\/2017\/08\/IMG_4104.jpg 640w, https:\/\/pikesite.de\/wp-content\/uploads\/2017\/08\/IMG_4104-150x113.jpg 150w, https:\/\/pikesite.de\/wp-content\/uploads\/2017\/08\/IMG_4104-300x225.jpg 300w\" sizes=\"auto, (max-width: 640px) 100vw, 640px\" \/><\/a>\n\t\t\t<\/div><\/figure><figure class='gallery-item'>\n\t\t\t<div class='gallery-icon landscape'>\n\t\t\t\t<a href='https:\/\/pikesite.de\/wp-content\/uploads\/2017\/08\/IMG_4238.jpg'><img loading=\"lazy\" decoding=\"async\" width=\"640\" height=\"480\" src=\"https:\/\/pikesite.de\/wp-content\/uploads\/2017\/08\/IMG_4238.jpg\" class=\"attachment-full size-full\" alt=\"\" srcset=\"https:\/\/pikesite.de\/wp-content\/uploads\/2017\/08\/IMG_4238.jpg 640w, https:\/\/pikesite.de\/wp-content\/uploads\/2017\/08\/IMG_4238-150x113.jpg 150w, https:\/\/pikesite.de\/wp-content\/uploads\/2017\/08\/IMG_4238-300x225.jpg 300w\" sizes=\"auto, (max-width: 640px) 100vw, 640px\" \/><\/a>\n\t\t\t<\/div><\/figure><figure class='gallery-item'>\n\t\t\t<div class='gallery-icon landscape'>\n\t\t\t\t<a href='https:\/\/pikesite.de\/wp-content\/uploads\/2017\/08\/IMG_4034.jpg'><img loading=\"lazy\" decoding=\"async\" width=\"640\" height=\"480\" src=\"https:\/\/pikesite.de\/wp-content\/uploads\/2017\/08\/IMG_4034.jpg\" class=\"attachment-full size-full\" alt=\"\" srcset=\"https:\/\/pikesite.de\/wp-content\/uploads\/2017\/08\/IMG_4034.jpg 640w, https:\/\/pikesite.de\/wp-content\/uploads\/2017\/08\/IMG_4034-150x113.jpg 150w, https:\/\/pikesite.de\/wp-content\/uploads\/2017\/08\/IMG_4034-300x225.jpg 300w\" sizes=\"auto, (max-width: 640px) 100vw, 640px\" \/><\/a>\n\t\t\t<\/div><\/figure><figure class='gallery-item'>\n\t\t\t<div class='gallery-icon landscape'>\n\t\t\t\t<a href='https:\/\/pikesite.de\/wp-content\/uploads\/2017\/08\/IMG_3850.jpg'><img loading=\"lazy\" decoding=\"async\" width=\"640\" height=\"480\" src=\"https:\/\/pikesite.de\/wp-content\/uploads\/2017\/08\/IMG_3850.jpg\" class=\"attachment-full size-full\" alt=\"\" srcset=\"https:\/\/pikesite.de\/wp-content\/uploads\/2017\/08\/IMG_3850.jpg 640w, https:\/\/pikesite.de\/wp-content\/uploads\/2017\/08\/IMG_3850-150x113.jpg 150w, https:\/\/pikesite.de\/wp-content\/uploads\/2017\/08\/IMG_3850-300x225.jpg 300w\" sizes=\"auto, (max-width: 640px) 100vw, 640px\" \/><\/a>\n\t\t\t<\/div><\/figure><figure class='gallery-item'>\n\t\t\t<div class='gallery-icon landscape'>\n\t\t\t\t<a href='https:\/\/pikesite.de\/wp-content\/uploads\/2017\/08\/IMG_0700-2.jpg'><img loading=\"lazy\" decoding=\"async\" width=\"2608\" height=\"2448\" src=\"https:\/\/pikesite.de\/wp-content\/uploads\/2017\/08\/IMG_0700-2.jpg\" class=\"attachment-full size-full\" alt=\"\" srcset=\"https:\/\/pikesite.de\/wp-content\/uploads\/2017\/08\/IMG_0700-2.jpg 2608w, https:\/\/pikesite.de\/wp-content\/uploads\/2017\/08\/IMG_0700-2-1000x939.jpg 1000w, https:\/\/pikesite.de\/wp-content\/uploads\/2017\/08\/IMG_0700-2-150x141.jpg 150w, https:\/\/pikesite.de\/wp-content\/uploads\/2017\/08\/IMG_0700-2-300x282.jpg 300w, https:\/\/pikesite.de\/wp-content\/uploads\/2017\/08\/IMG_0700-2-768x721.jpg 768w, https:\/\/pikesite.de\/wp-content\/uploads\/2017\/08\/IMG_0700-2-1024x961.jpg 1024w\" sizes=\"auto, (max-width: 2608px) 100vw, 2608px\" \/><\/a>\n\t\t\t<\/div><\/figure><figure class='gallery-item'>\n\t\t\t<div class='gallery-icon portrait'>\n\t\t\t\t<a href='https:\/\/pikesite.de\/wp-content\/uploads\/2017\/08\/IMG_4053-e1501669302274.jpg'><img loading=\"lazy\" decoding=\"async\" width=\"480\" height=\"640\" src=\"https:\/\/pikesite.de\/wp-content\/uploads\/2017\/08\/IMG_4053-e1501669302274.jpg\" class=\"attachment-full size-full\" alt=\"\" srcset=\"https:\/\/pikesite.de\/wp-content\/uploads\/2017\/08\/IMG_4053-e1501669302274.jpg 480w, https:\/\/pikesite.de\/wp-content\/uploads\/2017\/08\/IMG_4053-e1501669302274-113x150.jpg 113w, https:\/\/pikesite.de\/wp-content\/uploads\/2017\/08\/IMG_4053-e1501669302274-225x300.jpg 225w\" sizes=\"auto, (max-width: 480px) 100vw, 480px\" \/><\/a>\n\t\t\t<\/div><\/figure><figure class='gallery-item'>\n\t\t\t<div class='gallery-icon landscape'>\n\t\t\t\t<a href='https:\/\/pikesite.de\/wp-content\/uploads\/2017\/08\/IMG_3789.jpg'><img loading=\"lazy\" decoding=\"async\" width=\"640\" height=\"480\" src=\"https:\/\/pikesite.de\/wp-content\/uploads\/2017\/08\/IMG_3789.jpg\" class=\"attachment-full size-full\" alt=\"\" srcset=\"https:\/\/pikesite.de\/wp-content\/uploads\/2017\/08\/IMG_3789.jpg 640w, https:\/\/pikesite.de\/wp-content\/uploads\/2017\/08\/IMG_3789-150x113.jpg 150w, https:\/\/pikesite.de\/wp-content\/uploads\/2017\/08\/IMG_3789-300x225.jpg 300w\" sizes=\"auto, (max-width: 640px) 100vw, 640px\" \/><\/a>\n\t\t\t<\/div><\/figure><figure class='gallery-item'>\n\t\t\t<div class='gallery-icon landscape'>\n\t\t\t\t<a href='https:\/\/pikesite.de\/wp-content\/uploads\/2017\/08\/IMG_5206-1-Facebook.jpg'><img loading=\"lazy\" decoding=\"async\" width=\"494\" height=\"349\" src=\"https:\/\/pikesite.de\/wp-content\/uploads\/2017\/08\/IMG_5206-1-Facebook.jpg\" class=\"attachment-full size-full\" alt=\"\" srcset=\"https:\/\/pikesite.de\/wp-content\/uploads\/2017\/08\/IMG_5206-1-Facebook.jpg 494w, https:\/\/pikesite.de\/wp-content\/uploads\/2017\/08\/IMG_5206-1-Facebook-150x106.jpg 150w, https:\/\/pikesite.de\/wp-content\/uploads\/2017\/08\/IMG_5206-1-Facebook-300x212.jpg 300w\" sizes=\"auto, (max-width: 494px) 100vw, 494px\" \/><\/a>\n\t\t\t<\/div><\/figure><figure class='gallery-item'>\n\t\t\t<div class='gallery-icon landscape'>\n\t\t\t\t<a href='https:\/\/pikesite.de\/wp-content\/uploads\/2017\/08\/IMG_3734.jpg'><img loading=\"lazy\" decoding=\"async\" width=\"640\" height=\"480\" src=\"https:\/\/pikesite.de\/wp-content\/uploads\/2017\/08\/IMG_3734.jpg\" class=\"attachment-full size-full\" alt=\"\" srcset=\"https:\/\/pikesite.de\/wp-content\/uploads\/2017\/08\/IMG_3734.jpg 640w, https:\/\/pikesite.de\/wp-content\/uploads\/2017\/08\/IMG_3734-150x113.jpg 150w, https:\/\/pikesite.de\/wp-content\/uploads\/2017\/08\/IMG_3734-300x225.jpg 300w\" sizes=\"auto, (max-width: 640px) 100vw, 640px\" \/><\/a>\n\t\t\t<\/div><\/figure><figure class='gallery-item'>\n\t\t\t<div class='gallery-icon landscape'>\n\t\t\t\t<a href='https:\/\/pikesite.de\/wp-content\/uploads\/2017\/08\/IMG_4067.jpg'><img loading=\"lazy\" decoding=\"async\" width=\"640\" height=\"480\" src=\"https:\/\/pikesite.de\/wp-content\/uploads\/2017\/08\/IMG_4067.jpg\" class=\"attachment-full size-full\" alt=\"\" srcset=\"https:\/\/pikesite.de\/wp-content\/uploads\/2017\/08\/IMG_4067.jpg 640w, https:\/\/pikesite.de\/wp-content\/uploads\/2017\/08\/IMG_4067-150x113.jpg 150w, https:\/\/pikesite.de\/wp-content\/uploads\/2017\/08\/IMG_4067-300x225.jpg 300w\" sizes=\"auto, (max-width: 640px) 100vw, 640px\" \/><\/a>\n\t\t\t<\/div><\/figure><figure class='gallery-item'>\n\t\t\t<div class='gallery-icon landscape'>\n\t\t\t\t<a href='https:\/\/pikesite.de\/wp-content\/uploads\/2017\/08\/IMG_3469.jpg'><img loading=\"lazy\" decoding=\"async\" width=\"2816\" height=\"2112\" src=\"https:\/\/pikesite.de\/wp-content\/uploads\/2017\/08\/IMG_3469.jpg\" class=\"attachment-full size-full\" alt=\"\" srcset=\"https:\/\/pikesite.de\/wp-content\/uploads\/2017\/08\/IMG_3469.jpg 2816w, https:\/\/pikesite.de\/wp-content\/uploads\/2017\/08\/IMG_3469-1000x750.jpg 1000w, https:\/\/pikesite.de\/wp-content\/uploads\/2017\/08\/IMG_3469-150x113.jpg 150w, https:\/\/pikesite.de\/wp-content\/uploads\/2017\/08\/IMG_3469-300x225.jpg 300w, https:\/\/pikesite.de\/wp-content\/uploads\/2017\/08\/IMG_3469-768x576.jpg 768w, https:\/\/pikesite.de\/wp-content\/uploads\/2017\/08\/IMG_3469-1024x768.jpg 1024w\" sizes=\"auto, (max-width: 2816px) 100vw, 2816px\" \/><\/a>\n\t\t\t<\/div><\/figure><figure class='gallery-item'>\n\t\t\t<div class='gallery-icon portrait'>\n\t\t\t\t<a href='https:\/\/pikesite.de\/wp-content\/uploads\/2018\/07\/DSC_0258-1.jpg'><img loading=\"lazy\" decoding=\"async\" width=\"1912\" height=\"2000\" src=\"https:\/\/pikesite.de\/wp-content\/uploads\/2018\/07\/DSC_0258-1.jpg\" class=\"attachment-full size-full\" alt=\"\" srcset=\"https:\/\/pikesite.de\/wp-content\/uploads\/2018\/07\/DSC_0258-1.jpg 1912w, https:\/\/pikesite.de\/wp-content\/uploads\/2018\/07\/DSC_0258-1-1000x1046.jpg 1000w, https:\/\/pikesite.de\/wp-content\/uploads\/2018\/07\/DSC_0258-1-143x150.jpg 143w, https:\/\/pikesite.de\/wp-content\/uploads\/2018\/07\/DSC_0258-1-287x300.jpg 287w, https:\/\/pikesite.de\/wp-content\/uploads\/2018\/07\/DSC_0258-1-768x803.jpg 768w, https:\/\/pikesite.de\/wp-content\/uploads\/2018\/07\/DSC_0258-1-979x1024.jpg 979w\" sizes=\"auto, (max-width: 1912px) 100vw, 1912px\" \/><\/a>\n\t\t\t<\/div><\/figure>\n\t\t<\/div>\n\n","protected":false},"excerpt":{"rendered":"<p>Pikesite Guiding Tours Professionell gef\u00fchrte Angeltouren an der Elbe Erleben Sie die einzigartige Natur der Elbauen und erlernen in k\u00fcrzester Zeit die Grundlagen aus jahrelanger Angelerfahrung zum erfolgreichen Fang des Zielfisches. Warum in die Ferne schweifen, wenn der Gro\u00dffisch liegt so nah! Nicht nur ausl\u00e4ndische Gew\u00e4sser beherbergen einen guten Fischbestand, sondern auch die heimischen Gew\u00e4sser <a class=\"read-more\" href=\"https:\/\/pikesite.de\/?page_id=576\">Read More<\/a><\/p>\n","protected":false},"author":1,"featured_media":0,"parent":0,"menu_order":0,"comment_status":"closed","ping_status":"closed","template":"","meta":{"footnotes":""},"class_list":["post-576","page","type-page","status-publish","hentry"],"_links":{"self":[{"href":"https:\/\/pikesite.de\/index.php?rest_route=\/wp\/v2\/pages\/576","targetHints":{"allow":["GET"]}}],"collection":[{"href":"https:\/\/pikesite.de\/index.php?rest_route=\/wp\/v2\/pages"}],"about":[{"href":"https:\/\/pikesite.de\/index.php?rest_route=\/wp\/v2\/types\/page"}],"author":[{"embeddable":true,"href":"https:\/\/pikesite.de\/index.php?rest_route=\/wp\/v2\/users\/1"}],"replies":[{"embeddable":true,"href":"https:\/\/pikesite.de\/index.php?rest_route=%2Fwp%2Fv2%2Fcomments&post=576"}],"version-history":[{"count":46,"href":"https:\/\/pikesite.de\/index.php?rest_route=\/wp\/v2\/pages\/576\/revisions"}],"predecessor-version":[{"id":894,"href":"https:\/\/pikesite.de\/index.php?rest_route=\/wp\/v2\/pages\/576\/revisions\/894"}],"wp:attachment":[{"href":"https:\/\/pikesite.de\/index.php?rest_route=%2Fwp%2Fv2%2Fmedia&parent=576"}],"curies":[{"name":"wp","href":"https:\/\/api.w.org\/{rel}","templated":true}]}}